
False
Is 151717 a composite number?
False
Is 1397 composite?
True
Is 649 a prime number?
False
Is 141311 composite?
False
Is 62819 a composite number?
False
Is 1397491 a prime number?
True
Is 905 a composite number?
True
Is 329155 a composite number?
True
Is 2321 composite?
True
Is 39887 a prime number?
True
Is 83849 a prime number?
False
Is 743 a prime number?
True
Is 481 a prime number?
False
Is 66067 prime?
True
Is 1637 a prime number?
True
Is 82079 prime?
False
Is 258563 composite?
False
Is 45358 composite?
True
Is 616727 prime?
False
Is 1981235 a prime number?
False
Is 689 a prime number?
False
Is 191567 a composite number?
True
Is 47935 composite?
True
Is 172801 a composite number?
False
Is 463119 a prime number?
False
Is 67618 prime?
False
Is 2203 a composite number?
False
Is 3613 composite?
False
Is 3155 a prime number?
False
Is 56213 a composite number?
True
Is 887291 a composite number?
False
Is 6193 a composite number?
True
Is 412939 a prime number?
True
Is 185987 a composite number?
False
Is 1992911 a prime number?
True
Is 7507 a prime number?
True
Is 13649 a prime number?
True
Is 1158649 prime?
False
Is 48731 prime?
True
Is 38953 prime?
True
Is 207778 composite?
True
Is 496579 composite?
False
Is 1618 prime?
False
Is 252503 a composite number?
True
Is 180317 a composite number?
False
Is 13307 prime?
False
Is 2081947 a prime number?
False
Is 381451 a prime number?
False
Is 5557 prime?
True
Is 5539 prime?
False
Is 7993 composite?
False
Is 753127 a prime number?
True
Is 7817 a composite number?
False
Is 4421 a prime number?
True
Is 122641 prime?
False
Is 1173881 a prime number?
True
Is 810533 a composite number?
False
Is 1382533 composite?
False
Is 170339 a prime number?
False
Is 8141 composite?
True
Is 49978 composite?
True
Is 236107 composite?
False
Is 19181 composite?
False
Is 34393 a prime number?
False
Is 246283 composite?
True
Is 47903 a composite number?
False
Is 1934 prime?
False
Is 70027 prime?
False
Is 683251 composite?
False
Is 861293 a prime number?
True
Is 5953 prime?
True
Is 2267 a prime number?
True
Is 690869 prime?
True
Is 480659 composite?
True
Is 11378 a prime number?
False
Is 64777 a prime number?
False
Is 970373 a prime number?
False
Is 134245 prime?
False
Is 178987 a prime number?
True
Is 17159 a prime number?
True
Is 82439 prime?
False
Is 5771923 prime?
False
Is 645571 prime?
True
Is 46231 a composite number?
True
Is 24841 a prime number?
True
Is 491449 composite?
True
Is 1969791 a composite number?
True
Is 16729 a composite number?
False
Is 58603 composite?
False
Is 32449 composite?
True
Is 20959 composite?
False
Is 631061 a prime number?
True
Is 16223 a composite number?
False
Is 87211 composite?
False
Is 190207 prime?
True
Is 461129 prime?
False
Is 386339 composite?
False
Is 61751 composite?
False
Is 54291 a prime number?
False
Is 980297 a composite number?
True
Is 66643 a composite number?
False
Is 52651 a prime number?
False
Is 45335 a prime number?
False
Is 2833 composite?
False
Is 11483 a composite number?
False
Is 9461 a prime number?
True
Is 8461 a composite number?
False
Is 942639 a prime number?
False
Is 71249 a prime number?
True
Is 449 a composite number?
False
Is 2179 a composite number?
False
Is 61219 prime?
False
Is 102467 a prime number?
False
Is 78497 a composite number?
False
Is 37273 a prime number?
True
Is 34971 composite?
True
Is 231131 prime?
True
Is 15421 a composite number?
True
Is 8843 a composite number?
True
Is 529649 prime?
True
Is 390859 a composite number?
True
Is 29329 a composite number?
True
Is 120811 composite?
False
Is 22613 prime?
True
Is 75269 a prime number?
True
Is 12659 a composite number?
False
Is 4043 a composite number?
True
Is 27059 a prime number?
True
Is 82139 a prime number?
True
Is 198443 prime?
False
Is 46877 a prime number?
True
Is 33739 a prime number?
True
Is 184751 a prime number?
False
Is 3254169 a composite number?
True
Is 37463 composite?
False
Is 238153 composite?
True
Is 14515 a prime number?
False
Is 14078 a composite number?
True
Is 190387 a composite number?
False
Is 30737 a prime number?
False
Is 13217 a composite number?
False
Is 52951 a composite number?
False
Is 17881 a prime number?
True
Is 12057 a prime number?
False
Is 140011 a prime number?
False
Is 11909 a composite number?
False
Is 44093 prime?
False
Is 70163 a prime number?
True
Is 1123 a prime number?
True
Is 156269 a composite number?
False
Is 9643 a prime number?
True
Is 799195 a composite number?
True
Is 65371 a composite number?
False
Is 10427 prime?
True
Is 1049509 composite?
False
Is 83177 composite?
False
Is 48731 composite?
False
Is 177349 a composite number?
True
Is 33613 a prime number?
True
Is 50899 a prime number?
False
Is 565889 prime?
True
Is 619631 prime?
False
Is 326765 a prime number?
False
Is 2933 a composite number?
True
Is 21929 composite?
False
Is 465749 composite?
True
Is 519 a prime number?
False
Is 56461 composite?
True
Is 10007 prime?
True
Is 10762 composite?
True
Is 29483 prime?
True
Is 659101 a prime number?
True
Is 4847 prime?
False
Is 898874 composite?
True
Is 281173 a composite number?
True
Is 235211 prime?
True
Is 33359 prime?
True
Is 57991 composite?
False
Is 36083 a prime number?
True
Is 30235 a composite number?
True
Is 49701 a composite number?
True
Is 25613 prime?
False
Is 791159 composite?
False
Is 37 a prime number?
True
Is 4201 prime?
True
Is 5563 prime?
True
Is 1871 prime?
True
Is 320317 a composite number?
False
Is 11597 prime?
True
Is 3778 composite?
True
Is 78877 prime?
True
Is 345841 composite?
True
Is 1574 a composite number?
True
Is 178 composite?
True
Is 8579 a composite number?
True
Is 757 a composite number?
False
Is 27767 composite?
False
Is 384043 a composite number?
True
Is 277117 composite?
True
Is 4619 prime?
False
Is 25793 a composite number?
False
Is 5755 composite?
True
Is 880661 prime?
True
Is 5981 composite?
False
Is 153623 a prime number?
True
Is 15227 prime?
True
Is 27733 composite?
False
Is 27817 composite?
False
Is 21473 a composite number?
True
Is 36109 a composite number?
False
Is 24031 a prime number?
False
Is 99289 a composite number?
False
Is 19473 composite?
True
Is 7453 prime?
False
Is 21761 composite?
True
Is 48281 composite?
False
Is 176941 prime?
False
Is 516263 composite?
True
Is 24691 a composite number?
False
Is 66497 a prime number?
False
Is 437 prime?
False
Is 44753 a prime number?
True
Is 877 a composite number?
False
Is 105289 prime?
False
Is 63887 prime?
False
Is 109279 a composite number?
False
Is 12451 a prime number?
True
Is 249373 a prime number?
False
Is 140327 prime?
False
Is 1009559 composite?
False
Is 16285 composite?
True
Is 965111 a composite number?
True
Is 16213 a prime number?
False
Is 57578 prime?
False
Is 780043 composite?
True
Is 31359 a prime number?
False
Is 22871 a prime number?
True
Is 12373 a prime number?
True
Is 1249 prime?
True
Is 15229 a prime number?
False
Is 37529 a prime number?
True
Is 5923 composite?
False
Is 3817 a composite number?
True
Is 79109 a composite number?
True
Is 17891 composite?
False
Is 833207 a prime number?
False
Is 6595 prime?
False
Is 122167 a composite number?
False
Is 145427 a composite number?
True
Is 314747 prime?
True
Is 159374 a prime number?
False
Is 1087 composite?
False
Is 39157 prime?
True
Is 258091 a composite number?
True
Is 261509 composite?
False
Is 43853 a composite number?
False
Is 22937 a composite number?
False
Is 436533 composite?
True
Is 67829 prime?
True
Is 272029 composite?
False
Is 65761 a prime number?
True
Is 284261 a prime number?
True
Is 902927 composite?
True
Is 5839 a composite number?
False
Is 1563239 composite?
False
Is 79469 a composite number?
True
Is 16411 composite?
False
Is 59333 a composite number?
False
Is 326593 a composite number?
False
Is 48731 a composite number?
False
Is 983327 composite?
False
Is 253091 prime?
False
Is 60757 prime?
True
Is 134039 prime?
True
Is 68863 a prime number?
True
Is 985 prime?
False
Is 11141 a prime number?
False
Is 257569 a composite number?
True
Is 1217 composite?
False
Is 191402 prime?
False
Is 63923 a prime number?
False
Is 550391 a composite number?
True
Is 6065 prime?
False
Is 4047157 prime?
True
Is 2644714 a composite number?
True
Is 191707 composite?
False
Is 30341 prime?
True
Is 1